{"id":255,"date":"2025-06-08T00:15:59","date_gmt":"2025-06-07T22:15:59","guid":{"rendered":"https:\/\/verteliorenov.fr\/?page_id=255"},"modified":"2025-06-09T00:11:43","modified_gmt":"2025-06-08T22:11:43","slug":"%f0%9f%94%b6-eco-pret-a-taux-zero-eco-ptz-financez-vos-travaux-sans-interets","status":"publish","type":"page","link":"https:\/\/verteliorenov.fr\/?page_id=255","title":{"rendered":"\ud83d\udd36 \u00c9co-pr\u00eat \u00e0 taux z\u00e9ro (\u00e9co-PTZ) : financez vos travaux sans int\u00e9r\u00eats"},"content":{"rendered":"\n<div class=\"wp-block-group alignfull has-custom-color-5-background-color has-background has-global-padding is-layout-constrained wp-container-core-group-is-layout-669513ed wp-block-group-is-layout-constrained\" style=\"margin-top:0;margin-bottom:0;padding-top:var(--wp--preset--spacing--50);padding-right:var(--wp--preset--spacing--50);padding-bottom:var(--wp--preset--spacing--50);padding-left:var(--wp--preset--spacing--50)\">\n<div class=\"wp-block-columns alignwide is-layout-flex wp-container-core-columns-is-layout-28f84493 wp-block-columns-is-layout-flex\">\n<div class=\"wp-block-column is-layout-flow wp-block-column-is-layout-flow\" style=\"flex-basis:40%\">\n<p class=\"has-base-2-color has-text-color has-link-color has-large-font-size wp-elements-96101a920cab5057108dbe7d8436dfe4 wp-container-content-0733e5d0\">L\u2019\u00e9co-PTZ est un pr\u00eat \u00e0 taux z\u00e9ro, accord\u00e9 par les banques, pour financer vos travaux de r\u00e9novation \u00e9nerg\u00e9tique sans avancer les frais ni payer d\u2019int\u00e9r\u00eats.<\/p>\n<\/div>\n\n\n\n<div class=\"wp-block-column is-layout-flow wp-block-column-is-layout-flow\" style=\"flex-basis:60%\">\n<p class=\"has-heading-font-family has-x-large-font-size\" style=\"line-height:1.2\"><\/p>\n<\/div>\n<\/div>\n\n\n\n<div style=\"height:var(--wp--preset--spacing--40)\" aria-hidden=\"true\" class=\"wp-block-spacer\"><\/div>\n\n\n\n<figure class=\"wp-block-image alignwide size-full is-style-rounded is-style-rounded--1\"><img loading=\"lazy\" decoding=\"async\" width=\"768\" height=\"528\" src=\"https:\/\/verteliorenov.fr\/wp-content\/uploads\/2025\/06\/eco-ptz-miniature.jpg\" alt=\"\" class=\"wp-image-256\" srcset=\"https:\/\/verteliorenov.fr\/wp-content\/uploads\/2025\/06\/eco-ptz-miniature.jpg 768w, https:\/\/verteliorenov.fr\/wp-content\/uploads\/2025\/06\/eco-ptz-miniature-300x206.jpg 300w\" sizes=\"auto, (max-width: 768px) 100vw, 768px\" \/><\/figure>\n<\/div>\n\n\n\n<div class=\"wp-block-group alignfull has-base-background-color has-background has-global-padding is-layout-constrained wp-container-core-group-is-layout-d89aad35 wp-block-group-is-layout-constrained\" style=\"margin-top:0;margin-bottom:0;padding-top:var(--wp--preset--spacing--50);padding-right:var(--wp--preset--spacing--50);padding-bottom:var(--wp--preset--spacing--50);padding-left:var(--wp--preset--spacing--50)\">\n<div class=\"wp-block-columns alignwide is-layout-flex wp-container-core-columns-is-layout-549b0c86 wp-block-columns-is-layout-flex\">\n<div class=\"wp-block-column has-global-padding is-content-justification-left is-layout-constrained wp-container-core-column-is-layout-4f15e8fe wp-block-column-is-layout-constrained\" style=\"flex-basis:40%\">\n<p><\/p>\n<\/div>\n\n\n\n<div class=\"wp-block-column is-layout-flow wp-container-core-column-is-layout-119bc444 wp-block-column-is-layout-flow\" style=\"flex-basis:60%\">\n<p class=\"has-heading-font-family has-x-large-font-size\" style=\"line-height:1.2\"><strong>\u2705 Ce qu\u2019il finance :<\/strong><\/p>\n\n\n\n<div class=\"wp-block-columns is-layout-flex wp-container-core-columns-is-layout-87beb0d0 wp-block-columns-is-layout-flex\">\n<div class=\"wp-block-column is-layout-flow wp-block-column-is-layout-flow\">\n<ul class=\"wp-block-list\">\n<li class=\"has-contrast-color has-text-color has-link-color has-medium-font-size wp-elements-4653e1f8ffecf80d14d1d3f9580a26e6\">Travaux d\u2019isolation<\/li>\n\n\n\n<li class=\"has-contrast-color has-text-color has-link-color has-medium-font-size wp-elements-28632390940e3f51a8ae5d2ae4d563ed\">Changement de chauffage<\/li>\n\n\n\n<li class=\"has-contrast-color has-text-color has-link-color has-medium-font-size wp-elements-907cd681f6a502f58a06e5ba63b9def0\">Ventilation<\/li>\n<\/ul>\n<\/div>\n\n\n\n<div class=\"wp-block-column is-layout-flow wp-block-column-is-layout-flow\">\n<ul class=\"wp-block-list\">\n<li class=\"has-contrast-color has-text-color has-link-color wp-elements-f75a7b2ab5f7529b7ccf987a9aefef2b\">R\u00e9novation d&#8217;ampleur<\/li>\n\n\n\n<li class=\"has-contrast-color has-text-color has-link-color wp-elements-fce80d16061f32e2d4d45bda6c01ab40\">Audit \u00e9nerg\u00e9tique<\/li>\n<\/ul>\n<\/div>\n<\/div>\n<\/div>\n<\/div>\n<\/div>\n\n\n\n<div class=\"wp-block-group alignfull has-custom-color-4-background-color has-background has-global-padding is-layout-constrained wp-container-core-group-is-layout-7cd14b77 wp-block-group-is-layout-constrained\" style=\"margin-top:0;margin-bottom:0;padding-top:var(--wp--preset--spacing--60);padding-right:var(--wp--preset--spacing--60);padding-bottom:var(--wp--preset--spacing--60);padding-left:var(--wp--preset--spacing--60)\">\n<div class=\"wp-block-group alignwide is-layout-flow wp-block-group-is-layout-flow\">\n<div style=\"height:var(--wp--preset--spacing--50)\" aria-hidden=\"true\" class=\"wp-block-spacer\"><\/div>\n<\/div>\n\n\n\n<figure class=\"wp-block-image aligncenter size-large is-resized is-style-rounded is-style-rounded--2\"><img loading=\"lazy\" decoding=\"async\" width=\"768\" height=\"1024\" src=\"http:\/\/verteliorenov.fr\/wp-content\/uploads\/2025\/06\/WhatsApp-Image-2025-06-07-at-23.55.44-768x1024.jpeg\" alt=\"\" class=\"wp-image-257\" style=\"width:843px;height:auto\" srcset=\"https:\/\/verteliorenov.fr\/wp-content\/uploads\/2025\/06\/WhatsApp-Image-2025-06-07-at-23.55.44-768x1024.jpeg 768w, https:\/\/verteliorenov.fr\/wp-content\/uploads\/2025\/06\/WhatsApp-Image-2025-06-07-at-23.55.44-225x300.jpeg 225w, https:\/\/verteliorenov.fr\/wp-content\/uploads\/2025\/06\/WhatsApp-Image-2025-06-07-at-23.55.44-1152x1536.jpeg 1152w, https:\/\/verteliorenov.fr\/wp-content\/uploads\/2025\/06\/WhatsApp-Image-2025-06-07-at-23.55.44.jpeg 1200w\" sizes=\"auto, (max-width: 768px) 100vw, 768px\" \/><figcaption class=\"wp-element-caption\"><strong>EXEMPLE D&#8217;UN CHANTIER<\/strong><\/figcaption><\/figure>\n\n\n\n<div class=\"wp-block-group alignwide is-layout-flow wp-block-group-is-layout-flow\">\n<div style=\"height:var(--wp--preset--spacing--50)\" aria-hidden=\"true\" class=\"wp-block-spacer\"><\/div>\n<\/div>\n<\/div>\n\n\n\n<p><\/p>\n\n\n\n<div class=\"wp-block-group alignfull has-base-2-color has-custom-color-5-background-color has-text-color has-background has-link-color wp-elements-aadd3cd8e2085c6d60cb8c5484a73c83 has-global-padding is-layout-constrained wp-container-core-group-is-layout-facafb6f wp-block-group-is-layout-constrained\" style=\"margin-top:0;margin-bottom:0;padding-top:var(--wp--preset--spacing--50);padding-right:var(--wp--preset--spacing--50);padding-bottom:var(--wp--preset--spacing--50);padding-left:var(--wp--preset--spacing--50)\">\n<div class=\"wp-block-columns alignwide is-layout-flex wp-container-core-columns-is-layout-d1c656ed wp-block-columns-is-layout-flex\">\n<div class=\"wp-block-column is-vertically-aligned-stretch is-layout-flow wp-block-column-is-layout-flow\" style=\"padding-right:0;flex-basis:60%\">\n<p class=\"has-large-font-size\"><strong>\ud83e\uddf0 Conditions :<\/strong><\/p>\n\n\n\n<ul class=\"wp-block-list\">\n<li class=\"has-base-2-color has-text-color has-link-color wp-elements-3cc9c3457d793a06f00e334932dd2017\">Aucune condition de ressources<\/li>\n\n\n\n<li class=\"has-base-2-color has-text-color has-link-color wp-elements-028e3a9a47c02ff2b4a1cdebda60191a\">Logement principal construit depuis +2 ans<\/li>\n\n\n\n<li class=\"has-base-2-color has-text-color has-link-color wp-elements-c4a60e09f01f50024560c4cced7c80a4\">Travaux r\u00e9alis\u00e9s par un artisan RGE<\/li>\n<\/ul>\n\n\n\n<div class=\"wp-block-group is-vertical is-content-justification-stretch is-layout-flex wp-container-core-group-is-layout-ae24f51d wp-block-group-is-layout-flex\" style=\"min-height:100%\">\n<ul class=\"wp-block-list\">\n<li><\/li>\n<\/ul>\n<\/div>\n<\/div>\n\n\n\n<div class=\"wp-block-column is-layout-flow wp-block-column-is-layout-flow\" style=\"flex-basis:40%\">\n<div class=\"wp-block-group has-global-padding is-layout-constrained wp-block-group-is-layout-constrained\">\n<p class=\"has-large-font-size\" style=\"font-style:normal;font-weight:500;line-height:1.2\"><strong>\ud83d\udcb6 Montants disponibles :<\/strong><\/p>\n<\/div>\n\n\n\n<ul class=\"wp-block-list\">\n<li class=\"has-base-2-color has-text-color has-link-color wp-elements-1e01c74601281fe921d1107f6ce35bed\">Dur\u00e9e de remboursement : jusqu\u2019\u00e0 15 ans<\/li>\n\n\n\n<li class=\"has-base-2-color has-text-color has-link-color wp-elements-ccd3f118f15aaf4f634f113de51cffd8\">Jusqu\u2019\u00e0 50 000 \u20ac selon le nombre de travaux<\/li>\n<\/ul>\n\n\n\n<div class=\"wp-block-group has-global-padding is-layout-constrained wp-block-group-is-layout-constrained\">\n<div style=\"height:var(--wp--preset--spacing--40)\" aria-hidden=\"true\" class=\"wp-block-spacer\"><\/div>\n<\/div>\n<\/div>\n<\/div>\n\n\n\n<figure class=\"wp-block-image alignwide size-full is-style-rounded is-style-rounded--3\"><img loading=\"lazy\" decoding=\"async\" width=\"768\" height=\"576\" src=\"https:\/\/verteliorenov.fr\/wp-content\/uploads\/2025\/06\/c105004f1024394pu657542_20250401104258_02df4eeb-7ffd-4e92-b214-93ba0422bc94.jpg\" alt=\"\" class=\"wp-image-258\" srcset=\"https:\/\/verteliorenov.fr\/wp-content\/uploads\/2025\/06\/c105004f1024394pu657542_20250401104258_02df4eeb-7ffd-4e92-b214-93ba0422bc94.jpg 768w, https:\/\/verteliorenov.fr\/wp-content\/uploads\/2025\/06\/c105004f1024394pu657542_20250401104258_02df4eeb-7ffd-4e92-b214-93ba0422bc94-300x225.jpg 300w\" sizes=\"auto, (max-width: 768px) 100vw, 768px\" \/><\/figure>\n\n\n\n<p class=\"has-large-font-size\"><strong>\ud83d\udca1 Avantages :<\/strong><\/p>\n\n\n\n<ul class=\"wp-block-list\">\n<li>Aucun int\u00e9r\u00eat \u00e0 payer<\/li>\n\n\n\n<li>Aucun apport personnel requis<\/li>\n\n\n\n<li>Cumulable avec MaPrimeR\u00e9nov\u2019 et les CEE<\/li>\n<\/ul>\n<\/div>\n","protected":false},"excerpt":{"rendered":"<p>L\u2019\u00e9co-PTZ est un pr\u00eat \u00e0 taux z\u00e9ro, accord\u00e9 par les banques, pour financer vos travaux de r\u00e9novation \u00e9nerg\u00e9tique sans avancer les frais ni payer d\u2019int\u00e9r\u00eats. \u2705 Ce qu\u2019il finance : \ud83e\uddf0 Conditions : \ud83d\udcb6 Montants disponibles : \ud83d\udca1 Avantages :<\/p>\n","protected":false},"author":1,"featured_media":0,"parent":0,"menu_order":0,"comment_status":"closed","ping_status":"closed","template":"","meta":{"footnotes":""},"class_list":["post-255","page","type-page","status-publish","hentry"],"_links":{"self":[{"href":"https:\/\/verteliorenov.fr\/index.php?rest_route=\/wp\/v2\/pages\/255","targetHints":{"allow":["GET"]}}],"collection":[{"href":"https:\/\/verteliorenov.fr\/index.php?rest_route=\/wp\/v2\/pages"}],"about":[{"href":"https:\/\/verteliorenov.fr\/index.php?rest_route=\/wp\/v2\/types\/page"}],"author":[{"embeddable":true,"href":"https:\/\/verteliorenov.fr\/index.php?rest_route=\/wp\/v2\/users\/1"}],"replies":[{"embeddable":true,"href":"https:\/\/verteliorenov.fr\/index.php?rest_route=%2Fwp%2Fv2%2Fcomments&post=255"}],"version-history":[{"count":6,"href":"https:\/\/verteliorenov.fr\/index.php?rest_route=\/wp\/v2\/pages\/255\/revisions"}],"predecessor-version":[{"id":416,"href":"https:\/\/verteliorenov.fr\/index.php?rest_route=\/wp\/v2\/pages\/255\/revisions\/416"}],"wp:attachment":[{"href":"https:\/\/verteliorenov.fr\/index.php?rest_route=%2Fwp%2Fv2%2Fmedia&parent=255"}],"curies":[{"name":"wp","href":"https:\/\/api.w.org\/{rel}","templated":true}]}}